t = q + w*t - 17, 4*q + 2*t - 88 = 0. What is the units digit of q?
3
Let q(h) = -5*h - 3. Suppose 5*f + 6 + 4 = 0. Let t be q(f). Suppose -t*j + 150 = -2*j. What is the units digit of j?
0
Let d be 1*(-1 - 5)*6/(-4). What is the units digit of (3/(d/(-13)))/((-1)/12)?
2
Suppose 3*i - 20 = -5*t, -i + 5*t = -0*i + 20. Suppose i*m + 70 = c + 2*m, -4*m + 64 = c. What is the units digit of c?
6
What is the hundreds digit of (-2*(-474)/8)/((-44)/(-88))?
2
Let r(h) = 0 - 4 + 3 + 8 + h. What is the units digit of r(4)?
1
Let d be (-4)/1 + 4 + 3 - -1. Suppose d*j = -23 + 171. What is the units digit of j?
7
Let o(x) = -x + 15. Let d be o(13). Suppose 2*v - 4*n = -d - 8, -2*v + 2*n = 0. What is the units digit of v?
5
Let q(n) = -6*n**2 + 2*n + 1. Let r be q(-2). Let b = r - -15. What is the units digit of b/(-10)*30/9?
4
Let x = 17 - 17. Suppose 5*a - a = x. Suppose 2*l - 21 + 5 = a. What is the units digit of l?
8
Let i = -90 - -140. Suppose 2*d - i = 476. What is the tens digit of d?
6
Let d = 157 + 235. Suppose -2*z + d = z + 5*a, 5*z - 646 = -a. What is the tens digit of z?
2
Suppose -9*k = -8*k - 270. What is the tens digit of 40/(-140) - k/(-14)?
1
Let n be 15/5*(-208)/6. Let v = 116 + n. What is the units digit of v?
2
Suppose 2*v + 253 = -0*v - a, 0 = -v + 5*a - 121. Let h be 2/6 - v/27. Suppose 4*t + 138 = -0*k + 5*k, -h*k - t + 128 = 0. What is the tens digit of k?
2
Let i be (-4)/(-8) + 10/4. Suppose 2*j = -i*z + 14 + 3, 4*j + 38 = 2*z. What is the units digit of z?
9
Let a be 12/14*28/6. Suppose a*n = d + n - 25, -n - 17 = -d. What is the units digit of d/((-9)/(-6) + -1)?
6
Let f(u) = 76*u**2 - 3*u + 2. Let i be f(2). Let k = i + -190. What is the hundreds digit of k?
1
Suppose -6*f - 2 = 70. Let s = f + 24. What is the units digit of ((-248)/s)/((-2)/3)?
1
What is the units digit of (-14 + 24)/((-2)/(-46))?
0
Suppose g = 3*q - 2, -g + q + 0*q - 8 = 0. Let d = -12 - g. What is the units digit of (-20)/15*(d - 2)?
4
Let d be 27/12 + 4/(-16). Suppose d*x + 16 = -2*x, r - 57 = 5*x. Let v = 61 - r. What is the units digit of v?
4
Let p(u) = u**2 - 17*u - 43. Let v be p(20). Let t = 56 - v. What is the units digit of t?
9
Suppose 2890 = -16*h + 20506. What is the units digit of h?
1
Let k = -2 - -37. Let a = k - 42. Let r(m) = m**3 + 9*m**2 + 3*m - 5. What is the tens digit of r(a)?
7
Suppose -m = 4*m - 10. Let p be ((-10)/3)/(m/(-3)). Suppose 6*l - 220 = l - p*w, -4*w + 44 = l. What is the units digit of l?
4
Let b(f) = -f**3 - 4*f**2 + 5*f - 1. Let w be b(-5). Let o be (w*2)/(2/(-4)). What is the tens digit of (-58)/(-2) + o + -1?
3
Let j = -553 - -1117. What is the tens digit of j?
6
Suppose 2*x + 5*n = 1231, -35*n + 3094 = 5*x - 39*n. What is the tens digit of x?
1
Suppose 21*g - 26*g - 1671 = -c, -5*c = -g - 8403. What is the thousands digit of c?
1
Let l = 53 + -54. What is the tens digit of ((-372)/15)/((-9)/(-15) + l)?
6
Let d(k) = -2*k**3 - 6*k**2 - 3*k + 6. Let p be d(4). Let l = p + 463. What is the units digit of l?
3
Let h(i) = -3*i + 4. Let k = -1 + 8. Let q be h(k). Let o = q + 24. What is the units digit of o?
7
Suppose -1 - 13 = -s - 4*v, 3*v = -s + 11. Suppose f + 3*u = -56, 4*u = s*f + f + 142. Let l = -26 - f. What is the tens digit of l?
2
Let u(n) = 27*n + 1. Let j be u(1). Suppose -232 = -m - j. Suppose -5*a + 3*r = -m, -a - 3*r - 16 + 64 = 0. What is the tens digit of a?
4
Suppose -4*q = 3*w, -3*q = 2*w - 2*q. Suppose w*v - 3*v = -237. What is the tens digit of v?
7
Let p be (0 - (2 - -1))/(1/(-12)). Suppose 5*l = -6 + p. What is the units digit of l?
6
Suppose -5*g + 1245 + 270 = 0. What is the units digit of g?
3
Let s = 69 - 65. Let o(d) be the third derivative of -d**6/120 + d**5/15 + d**4/24 - d**3/3 - d**2. What is the units digit of o(s)?
2
Let b = 10 - -10. Let k = b - 17. What is the tens digit of 58/2 + k - 3?
2
What is the units digit of (-2*719/4)/((-21)/42)?
9
Let m(w) = -w - 22. Let a be m(-28). Suppose 0 = 2*q - 3*j - 199, 3*j = 2*q - a*q + 407. What is the hundreds digit of q?
1
Suppose 5*f - 32 = 3*w, -2*f - f = 3*w - 24. Suppose f*d - 3*d = 88. Suppose 38 = 5*b - d. What is the tens digit of b?
1
Suppose -h = 2*h - 15. Suppose 2*w - 15 = h. Let k = 35 - w. What is the units digit of k?
5
Let z(c) = c**2 + 8*c - 21. Let w be (-1 + 3)/(2/(-10)). Let f be z(w). What is the tens digit of 11*(0 - f) + 2?
1
Suppose -7*r + 12*r = 0. Suppose r = b - 0*b + 4, -2*z + 268 = 5*b. Suppose -13*j + 17*j = z. What is the tens digit of j?
3
Suppose 917 = 14*i - 763. What is the tens digit of i?
2
Suppose 16*m + 6760 = 29*m. What is the hundreds digit of m?
5
Suppose 2*j + 1 = 3*g - 15, 2*j - 4 = -2*g. Let h be j*(44/(-8) + 0). Suppose 8*r - 3*r - 65 = p, 3*r = -5*p + h. What is the tens digit of r?
1
Let h(c) = c**2 - 40*c - 1. What is the units digit of h(-5)?
4
Suppose t + 32 = -2*v + 360, 342 = t - 5*v. What is the units digit of t?
2
Suppose -2*c - 6786 = -4*r, 6*c = 4*r + 8*c - 6798. What is the thousands digit of r?
1
Suppose 7*b + 5 = 26. Suppose b*w = 142 + 116. What is the tens digit of w?
8
Suppose 0 = -5*j - 5*t + 12785, 9*t = -j + 4*t + 2565. What is the thousands digit of j?
2
Suppose -2*t - 3663 = -3*u - 179, 2*u + 4*t = 2328. What is the tens digit of u?
6
Let k(q) = 280*q - 2. Let h be k(1). Suppose 5*d - 2*c - 178 = h, -4*d + 364 = -2*c. What is the tens digit of d?
9
Suppose 199 = 4*z + i, 5*z + 5*i - 184 = 46. What is the units digit of z?
1
Suppose m + 12 = 5*m. Suppose 4*s - 3*s + d = 5, 2*s - 12 = -m*d. Suppose -153 = -6*q + s*q. What is the units digit of q?
1
Suppose 5*h = 4*k + 20, 0*k - 15 = 5*h + 3*k. Suppose h = -0*i - i. Let q(m) = -m**2 + m + 12. What is the units digit of q(i)?
2
Suppose -2 + 5 = -3*w. Let q(k) = 11*k**2 + 2*k + 1. Let f be q(w). Let b = f - 1. What is the units digit of b?
9
Let z(t) be the second derivative of -t**4/12 + 7*t**3/3 + 15*t**2 + 6*t. What is the tens digit of z(13)?
4
What is the units digit of (44/77 + (-8)/(-84))*435?
0
Let n(v) = -v**2 - 23 - v + 0*v + 21*v. What is the units digit of n(12)?
3
Let y be (-1 - -2)/((-2)/(-8)). Suppose 0 = -2*t + y*a, -t + 6*t - a = 0. Suppose -o - 12 + 47 = t. What is the units digit of o?
5
Suppose -14 = -5*i - 39. Let q be (-12)/i + 4/(-10). What is the tens digit of (q - -26) + (-2)/2?
2
Suppose -5*n = -0*n + 3*w - 2691, -2*w = 4*n - 2152. What is the tens digit of n?
3
Suppose 2*j + j - 15 = 0. Suppose -z + j*g = 11, 5*z = -5*g - 10 - 15. What is the tens digit of 62/4 - 9/z?
1
Suppose 13577 = 6*y - 5713. What is the tens digit of y?
1
Let w(a) = 10*a + 9. Suppose -2*c - 42 = -5*c. Let q = 17 - c. What is the units digit of w(q)?
9
Suppose -4*j + 2*k = 44, -2*j - 20 - 8 = -4*k. Let u = -10 - j. Suppose u*l + 19 = l. What is the units digit of l?
9
Let v(x) = x**3 + 11*x**2 + 3*x + 10. Let j be v(-9). Suppose -j = -3*d + 149. What is the tens digit of d?
9
Let t(m) be the first derivative of -5*m**2 - 24*m - 8. What is the units digit of t(-12)?
6
Let w(s) = -3*s + 39. Let d be w(0). Suppose 3*u - d = 27. What is the tens digit of u?
2
Let t = 47 + -64. Let p(d) = -d**3 - 17*d**2 - 5*d + 24. What is the units digit of p(t)?
9
Let n(h) = h**2 + 8*h + 5. Let x be n(-7). Let z(c) = -6*c**3 + c**2 + c. Let p be z(x). Suppose 0 = -0*y + 5*y - p. What is the units digit of y?
0
Suppose -v - 2 + 4 = 0. Suppose -n + 45 = v*n. What is the tens digit of n?
1
Suppose 41300 = -115*s + 135*s. What is the thousands digit of s?
2
Let t = 188 + 203. What is the units digit of t?
1
Let g(r) = r**2 + 7*r + 5. Let f be g(-9). Let x = -19 + f. Suppose -2*n + 86 = s, 0*n = x*n - 2*s - 156. What is the tens digit of n?
4
Let j(y) = -9*y**2 - 7*y + 7 - y**3 + 2 + 0*y**3 + 4. Let t be j(-8). Suppose 0 = -m - t*d, -4*m + 0*d + d + 42 = 0. What is the units digit of m?
0
Suppose 0 = 3*t - t - 18. Let k = -10 - -16. Suppose k + t = 2*q - 5*x, 3*x - 3 = 0. What is the tens digit of q?
1
Let b = -374 + 2928. What is the tens digit of b?
5
Let z(f) = -8*f**2 + 0*f + 3*f + 0*f - 6 + 3 + f**3. What is the units digit of z(8)?
1
Let c(w) = -w**3 - 2*w**2 - 3*w - 4. Let i = -33 - -38. Suppose 12 = i*j + 27. What is the units digit of c(j)?
4
Let s be 0 - -707 - (1 - (3 - 4)). Suppose -s = 2*v - 5*v. What is the units digit of v?
5
Let q(u) = -u**3 